 h(f)?
0
Let p(k) = -k**3 - 9*k**2 - 7*k + 9. Let u be p(-8). Suppose -4*f + u = -15. Suppose 0 = -f*d + 3 + 13. What is the units digit of d?
4
Suppose -2*m - 272 = -4*i, 4*m - 5*i + 541 = -0*m. Let y = -86 - m. Suppose -54 = -0*j - 3*j + 3*a, -4*a = 4*j - y. What is the units digit of j?
5
Let m(c) = -c**2 - 11*c - 11. Suppose 2*h - 3*a - 45 = -h, 2*h - a = 27. Let y be (h/10)/(6/(-40)). What is the units digit of m(y)?
3
Suppose 5*a + 3 = 2*a. Let p be 0*(a - (1 - 1)). Let x = 16 - p. What is the tens digit of x?
1
Let p(d) = -d**2 - 5*d + 2. Suppose 0*c = -3*c + 4*m + 4, c + 2*m + 12 = 0. What is the units digit of p(c)?
6
Suppose 4*a - 60 = -a. Suppose 68 - a = 2*y. What is the tens digit of y?
2
Suppose 3*k = x - 6 + 18, 0 = -4*x. What is the units digit of k?
4
Let j = -11 - -16. Let l = -4 + j. What is the units digit of l?
1
Suppose -2*x = -5*m, 2*m + 5*x - 27 = m. Suppose m*l = 5*l - 93. What is the units digit of l?
1
What is the tens digit of 208/6 - 4/(-12)?
3
Suppose 0*v + 5*o = -5*v, -5*v + 3 = 4*o. Suppose 4*t + 20 = 0, -v*q - t + 4*t + 18 = 0. Suppose -q = -u + 5. What is the units digit of u?
6
Let u(s) = 61*s**2 - 1. What is the units digit of u(1)?
0
Suppose 15 = 3*y + 2*i, 5*i = 3*y + 1 + 5. Suppose y*r = -4*t - 6 - 5, 5*r = -2*t - 23. What is the units digit of t?
1
Suppose k - p + 4*p - 52 = 0, -153 = -4*k - p. Suppose n + k = 2*s, -4*s - n = -39 - 26. What is the units digit of s?
7
Let k(b) = -11*b + 8. What is the units digit of k(-6)?
4
Let i(v) = 5*v**2 + 2*v + 2. Let f be i(-1). What is the units digit of (f/2)/(5/40)?
0
What is the tens digit of 1/(-4) - (0 - 1418/8)?
7
Let g(w) = 2*w + 30. What is the units digit of g(6)?
2
Let l = -10 - -14. Suppose l*v = 2*k + 2, -k + 4*v - 7 = -4*k. Suppose -k = 3*n + 5*h + 11, 0 = h + 3. What is the units digit of n?
1
Suppose 3*b - 2*p - 415 = 0, 2*b + 4*p = 4*b - 282. What is the tens digit of b?
3
Suppose 0*t = -t - 3. Let h = t - -9. Suppose -i = -0 - h. What is the units digit of i?
6
Let s(l) = 2*l - 3. Let x = -25 + 27. What is the units digit of s(x)?
1
Let c(b) = -2*b**3 + 18*b**2 + 18*b - 1. Let v(t) = t**3 - 9*t**2 - 9*t. Let n(z) = 2*c(z) + 5*v(z). Let i be n(10). What is the units digit of i/(-4)*2/(-4)?
1
Suppose -2*n + 46 = o, 2*n - 5 = 1. Let m = o + -5. What is the units digit of m?
5
Suppose -105 = r - 4*r + 3*g, r - 47 = 4*g. What is the units digit of r?
1
Let t(x) = -1. Let a(r) = 4*r + 1. Let f(y) = -a(y) - 2*t(y). Let g(b) = -b**3 + 3*b**2 + 4*b - 1. Let z be g(4). What is the units digit of f(z)?
5
Let s(b) = -3*b + 2*b + 2 + 12. What is the units digit of s(7)?
7
Let h be 1*((-4 - -3) + 7). Let i(x) = 5*x - 3 + x**2 + 0*x**2 - 8*x. What is the tens digit of i(h)?
1
Suppose 0*m + k + 38 = m, 79 = 2*m + k. What is the tens digit of m?
3
Let r(y) = -4*y**3 - y**2 + 1. Let t = 4 + -3. Let d be r(t). What is the units digit of (d/5)/((-3)/15)?
4
Let x = 65 - 44. Let p be (-5 + 10)*x/5. Suppose 5*g - p = -1. What is the units digit of g?
4
Let o(t) = 0*t**3 + t**2 - t**3 - 6*t**3. What is the units digit of o(-1)?
8
Suppose 5*g = g + 212. What is the tens digit of g?
5
Let f(o) = -o**3 + 3*o**2 + 3*o + 3. Let t be f(4). What is the units digit of t + 6*1/2?
2
Let j = 1 + 3. Suppose -m = -j*m + 30. Suppose -m = -3*z - 1. What is the units digit of z?
3
Let v = 20 - -2. What is the units digit of v?
2
Let r(k) = k**3 + 9*k**2 + k + 1. Let x be r(-9). Let t be (x/(-3)*3)/2. Suppose 5*s - t = 16. What is the units digit of s?
4
Let r = 304 + -170. What is the hundreds digit of r?
1
Let z be 1/(1/(-4)*-1). Suppose -z*r + 20 = -28. Let b = r + -8. What is the units digit of b?
4
What is the tens digit of -2 - 1*30/(-1)?
2
Suppose 546 = 13*q - 1495. What is the tens digit of q?
5
Let j = 31 - 22. What is the units digit of j?
9
Let x = 5 + -3. Let i(v) = 10*v + 0 - 3*v**x - 6 + 2*v**2. What is the tens digit of i(8)?
1
Let a = 24 - 22. Suppose -25 = -5*m, h = -3*m - 2 - 16. What is the units digit of (-72)/h + a/(-11)?
2
Let a(b) = 3*b**3 - 3*b**2 + 7*b - 1. What is the units digit of a(3)?
4
Suppose 218 = 5*o + 2*r, o - 42 = -0*o - 2*r. What is the tens digit of (0 - 4)/((-8)/o)?
2
Let v(l) = -l**2 - 13*l - 2. Let d(h) = -h**3 - 13*h**2 + h + 6. Let f be d(-13). What is the units digit of v(f)?
0
Suppose 0 = -4*v - 4*k + 24, 0 = 2*v - 6*v - 3*k + 22. Let c = v + -7. What is the units digit of (1 - c/(-6))*14?
7
Let w(n) = 7*n - 17. Let a(b) = 11*b - 25. Let z(t) = 5*a(t) - 8*w(t). What is the units digit of z(8)?
3
Let a(m) = -m**3 + 11*m**2 - 11*m + 7. What is the units digit of a(9)?
0
Suppose 0 = 3*m + 44 - 188. What is the units digit of (7/(-14))/((-2)/m)?
2
Let p be (-638)/(-8) - (-2)/8. Suppose -p = -4*y + 44. What is the tens digit of y?
3
What is the units digit of 141/9 - 2/(-6)?
6
Suppose 3*w - 40 = -0*w + 5*u, 2*u - 16 = -2*w. Suppose 10*p - 12*p = -w. What is the units digit of p?
5
Suppose -3*c + 8 = -2*c. Let r(d) = 2*d + 4. Let b be r(-3). Let u = b + c. What is the units digit of u?
6
Suppose 5*l = -5*g - 75, 2*g - 5*l + 4 = -5. What is the units digit of (-5 - -4)/(2/g)?
6
Let c(z) = -6*z - 31. What is the tens digit of c(-15)?
5
Suppose 192 = -3*p + 5*p. What is the units digit of (-2 - -1)/((-4)/p)?
4
Let k(h) = -h**3 - 9*h**2 - 11*h - 2. What is the tens digit of k(-9)?
9
Suppose -3*r - 1 = -o - 12, 5*r = -o + 5. What is the tens digit of r + -2 + 0 + 10?
1
Let g(x) = 3*x**2 + 20*x + 1. Let d be g(-7). Let w be 4 - (0 - -2 - 2). What is the tens digit of (38/d)/(1/w)?
1
Let w = 112 - 77. Suppose 3*u - 5*g - w = 0, 0 = 2*u - 3*u + 3*g + 13. What is the tens digit of u?
1
Let b(i) = -i**3 + 11*i**2 - 4*i + 3. Let m be b(5). Suppose -5*p + m - 3 = 0. What is the tens digit of p?
2
Suppose k + 2 = -0*k + 2*b, 3*k + 7 = 5*b. What is the units digit of (-7)/(-28) - 15/k?
4
What is the units digit of 3/9 - (-284)/12?
4
Let s be (1*10)/((-8)/(-4)). Let j = s - -2. Let i(f) = f - 1. What is the units digit of i(j)?
6
Suppose -2*a = 4*v - 12 - 20, -v + 17 = 5*a. What is the units digit of v?
7
Let w be 0/((-5 + 3)/(-1)). Suppose t + m - 14 = w, 5*t - 14 = 4*t + 2*m. What is the units digit of t?
4
Let t = -1 - 3. What is the units digit of t/(-6)*42/4?
7
Suppose -4*v - 36 = -4. Let b = v + 14. What is the units digit of 58/b + 2/(-3)?
9
Let t(v) be the second derivative of -v**4/12 + 5*v**3/3 - 4*v**2 - 5*v. What is the units digit of t(9)?
1
Suppose -4*z + 300 = -x, z - 6*z = 5*x - 375. What is the tens digit of z?
7
Let n(k) = -k**2 + k. Let r(t) = 5*t**2 + 4*t + 7 - 4*t**2 + 3*t**2. Let j(z) = -3*n(z) - r(z). What is the units digit of j(-5)?
3
Suppose k - 5*a - 22 = 0, -5*k = -6*k + 2*a + 10. Let x = 1 + k. Suppose 4*q = 3*c - 29, -2*q - x*q = -5. What is the units digit of c?
1
Let n(f) = -2*f. Suppose 1 + 3 = -4*z. What is the units digit of n(z)?
2
Let n = 192 + -100. Suppose 0 = 3*h - 12, -2*i - i + n = 5*h. Suppose -y + i = 10. What is the units digit of y?
4
Let s(q) = 7*q + 17. What is the tens digit of s(15)?
2
What is the units digit of -3 - ((-20)/(-5) + -8)?
1
Let y = -140 + 200. Suppose -y = -4*l + 12. What is the units digit of (-56)/(-3) + (-12)/l?
8
Suppose -15 = 5*m, t - 13 = 5*m - 8*m. What is the units digit of t?
2
Let q = 139 - 97. What is the tens digit of q?
4
Suppose -5*j + 3*n = 6, -j + 0*n + 9 = -4*n. Let p be 8/j*45/(-12). What is the units digit of (p/(-6))/(2/(-6))?
5
Let u(b) = 8*b - 5. What is the units digit of u(2)?
1
Suppose 6*j + 383 = 1673. Suppose j = -0*y + 5*y. What is the tens digit of y?
4
Suppose 752 = 4*f + 112. What is the units digit of f?
0
Let t = -24 + 29. Suppose -4*u = -3*u. Suppose -t*r + 30 = -u*r. What is the units digit of r?
6
Suppose -g + 16 = -5*g. What is the units digit of (-33)/g - 11/44?
8
Let q be ((-5)/(-2))/(1/2). Let a = 10 - 7. Suppose q*f = a*f + 18. What is the units digit of f?
9
Suppose f + 4*q - 15 = 0, q - 9 = 4*q. What is the tens digit of f?
2
Let r = -45 + 79. Let f(o) = 2*o - 9. Let i be f(6). Suppose -r = -i*b + 4*p, 0*p - p - 26 = -2*b. What is the tens digit of b?
1
Let n be -1 - (2 + 0/3). What is the tens digit of 16*(n/4)/(-1)?
1
Let t(g) = 18*g. Let i be t(-1). What is the tens digit of (-4)/24*4*i?
1
Suppose -2*d = 3 - 5. Let a(o) = -o**2 - 6*o - 6. Let i be a(-